c + 4. Let g(k) = i*o(k) + y*t(k). Determine g(-4).
8
Let z(w) = w**2 - 4*w + 2. Let d be z(3). Let p(y) = -y**3 + 4*y**2 + 5*y + 2. Let r be p(5). Let k(t) = 7*t - t - 7*t**3 - t**r - 1 - t - 6*t. Give k(d).
6
Suppose 0*o + 4*o - 2*z = 26, 0 = 4*z + 4. Let b(x) = -11577 + 3*x + 0*x + 11571 + 0*x. Calculate b(o).
12
Let i(v) be the third derivative of -13*v**7/2520 - v**6/720 - v**5/120 + v**4/12 - 5*v**2. Let m(a) be the second derivative of i(a). Determine m(-1).
-13
Let n(d) = -d**2 - 7*d - 4. Let f be n(-6). Let o(c) = 7 - 2*c - 3*c + 4*c - c**f - 4*c. Suppose 3*h + 2*i = -21, 5*h + 12 = -4*i - 25. Calculate o(h).
7
Suppose 3*v = -3*t + 7*v + 12, 5*t = 3*v + 20. Let u(g) = g**3 - 6*g**2 - g + 2. Determine u(t).
-34
Suppose 66 - 51 = 3*z. Let n(m) = 2*m - 16. Determine n(z).
-6
Let p(q) = 2*q**2 - 5*q + 2. Let u = -79 + 86. Suppose -u*i + 4 + 17 = 0. What is p(i)?
5
Let j(f) = -f**2 + 4*f + 1. Let c(x) = 2*x**2 - 4*x - 2. Let h(m) = 3*c(m) + 2*j(m). Let s(w) = -3*w**2 + 3*w + 3. Let z(g) = 4*h(g) + 5*s(g). What is z(2)?
1
Suppose 0 = 3*b - 2*p + 78 - 66, b + 4 = 3*p. Let o(r) = 1 - 2*r + r - 12. Let f be o(b). Let t(x) = x + 8. Calculate t(f).
1
Let l(g) = -4*g**2 + 3*g + 2. Let n(a) = a**2 - 6*a + 5. Let x be n(4). Give l(x).
-43
Suppose 6 = -w + 2*w. Let t(y) = w*y + 8 - 3*y - 6*y. Calculate t(6).
-10
Let n(c) = -12 + 595*c**2 - 13*c + 575*c**2 - 1172*c**2. Determine n(-5).
3
Let d be ((-2 + 14)/3)/2. Suppose -28 = g - d*g. Let y be (-7)/g + 17/4. Let m(i) = -i**3 + 3*i**2 + 2*i + 3. Determine m(y).
-5
Suppose -46*r = -42*r + 32. Let f(l) = -l**3 - 7*l**2 + 10*l - 3. What is f(r)?
-19
Suppose p - 6 = -p. Suppose -5*z = -y - 18, 2*y - y + p = 0. Let g(o) = -o**z - 2 - 5 - 4*o**2 + 5*o**2 + 2*o - 5*o**2. What is g(-5)?
8
Let d(y) be the third derivative of -y**8/20160 + y**7/1008 + y**6/144 + 3*y**5/20 + 7*y**2. Let o(n) be the third derivative of d(n). What is o(6)?
-1
Suppose 0 = 3*n + 6, -3*k - 2*n + 4 - 2 = 0. Suppose -2*z + k = -2*t, 0*z - 2*t = z + 5. Let d = z + 4. Let u(r) = -r**2 + r - 1. What is u(d)?
-7
Suppose 3*z + y - 1 = 0, 0 = 3*z - 5*y + 7 - 2. Let o(d) = d. Calculate o(z).
0
Let q(w) be the third derivative of -w**2 - 4/3*w**3 + 0*w + 0 + 1/24*w**4. Determine q(6).
-2
Let k be 5*154/(-70)*1. Let u(n) = n**2 + 10*n - 15. Calculate u(k).
-4
Let w(u) be the first derivative of 3*u**2 + 7*u - 68. Determine w(-3).
-11
Let i(q) = -q**3 + 14*q**2 + q - 18. Suppose 0 = -56*r + 547 + 237. Give i(r).
-4
Let y(c) = 3*c - 5 + 56 - 18 - 3 - 5*c. Give y(16).
-2
Let s(v) = 3*v + 2. Let f(u) = -7*u - 5. Let w(y) = 2*f(y) + 5*s(y). Let b = 375 - 371. Give w(b).
4
Let w(h) = -25*h + 15. Let b(r) = 9*r - 5. Let z(u) = -8*b(u) - 3*w(u). Calculate z(9).
22
Let s(q) = 19485*q**3 + 4*q - 9*q**2 + 6 + 4*q + q - q - 19484*q**3. What is s(8)?
6
Let r(k) = k**3 - 2*k**2 - 6*k + 2. Let y = -309 + 313. What is r(y)?
10
Let a(n) = -3*n**3 - 7*n**2 + 4*n + 9. Let l be (-2)/(6/(-3))*-1. Let q(m) = -m**3 - m**2 + m + 1. Let g(z) = l*a(z) + 2*q(z). Give g(-5).
3
Let s be 90/(-14) - 27/(-63). Suppose 3*u + 2*u = 5. Let m(r) = -2*r - 7 + 1 + u. Determine m(s).
7
Let m(g) = 2*g + 5. Suppose -4*d = -24 + 8. Suppose -h = d*b - 9, 2*b = -4*h - 3*b - 8. Give m(h).
-9
Let q = -1009 - -1002. Let p(b) = -b + 3. What is p(q)?
10
Let x(q) = 3*q**2 - q**3 - 6*q**3 + 0*q**3 - 6*q + 2*q**3 + 6*q**3. What is x(-3)?
18
Let m = -9 + 14. Let o(v) be the second derivative of -v**5/60 + v**4/6 - 7*v**3/3 + 3*v. Let r(w) be the second derivative of o(w). Determine r(m).
-6
Let z(t) = t**3 + 25*t**2 + 20*t + 11. Let o(u) = -u**3 - 27*u**2 - 21*u - 11. Let m(w) = -5*o(w) - 6*z(w). What is m(-14)?
3
Let b(i) = -5*i - 5. Let g = -451 + 449. What is b(g)?
5
Let h(q) = -q**2 + 6*q + 5. Let f be 3 - 3/(3*(-2)/8). Determine h(f).
-2
Let m(t) be the third derivative of 1/24*t**4 - 5*t**2 + 1/3*t**3 + 0 + 0*t. Give m(4).
6
Let i(b) = -17*b + 16. Suppose 2*p = -2*d + 4, 3*p + 4*d + 2 - 3 = 0. Let s(t) = 9*t - 9. Let r(k) = p*s(k) + 4*i(k). What is r(-1)?
6
Let z(o) = 2*o - 2. Let u be z(-2). Let f(a) = 5*a + 7. Let q(n) = -2*n - 3. Let s(i) = 3*i + 13. Let w be s(-9). Let x(v) = u*f(v) + w*q(v). What is x(-3)?
6
Let k(g) = -g**3 - 3*g**2 + 6*g + 6. Suppose 2*s + 6 = -18. Let l = -9 - s. Suppose -5*u - 20 = d, -l*u = -6*u + 3*d - 12. Determine k(u).
-2
Let z(h) be the first derivative of 46 - 29/4*h**4 + h + 1/3*h**3 + h**2. What is z(-1)?
29
Let j be 2 + 1*(-3 - 1)*-1. Let k(n) = 8*n - n**2 - 8 + 5 + 2*n - j. What is k(7)?
12
Let q = 35 - 24. Let k = 15 - q. Let u(z) = 3*z. Let c(r) = -8*r - 1. Let d(w) = k*c(w) + 11*u(w). Give d(5).
1
Let w(u) = u**2 + 5. Let l be w(2). Let s(p) = 1 - 9 + l*p + 4 + 3. Give s(2).
17
Suppose 0 = 5*m - 2*m. Let o be (-12)/(3 - m) - -9. Let b(j) = -j + 5 + 2 - o. What is b(3)?
-1
Let c(a) = -31*a - 291. Let f be c(-9). Let x(p) = p**2 + 15*p - 10. Give x(f).
-46
Let r(z) = 25 + 27 + 28 + z - 72 + 0*z. Give r(-12).
-4
Suppose -2*q + 9 + 7 = 0. Let y = -4 + q. Let o(t) = 19*t**2 - 6*t - 26*t**2 + 9*t**2 + 3. Calculate o(y).
11
Let j(w) be the first derivative of w**2/2 - 3*w + 39. Suppose 6*x - 20 = x. Calculate j(x).
1
Let s(r) = -r**2 - 2*r + 1. Let h = 6 + 0. Let i(n) = -3*n - 13. Let w be i(-7). Suppose -g + h = -3*p, g = 5*p + w + 4. Determine s(p).
-2
Let k(d) = 3*d**3 + 38*d**2 - 13*d - 4. Let i be k(-13). Let t(u) = 2*u + 6. Give t(i).
-2
Let g(s) = s**3 + s**2 + 4*s + 4. Let p(w) = -w**3 + 24*w**2 - w + 21. Let x be p(24). Determine g(x).
-26
Let c(i) = -i**2 + 1. Let a(z) = -20*z**2 + z - 36. Let q(p) = -a(p) + 3*c(p). Let b(f) be the first derivative of q(f). Calculate b(1).
33
Let f(c) = -c**2 + 8*c - 8. Let t(v) = 2*v - 5*v**2 - v**2 - 4*v**2 - 2 + v. Let u be t(1). Let s(b) = -2*b - 12. Let p be s(u). Give f(p).
4
Suppose 5 = 2*v + t, 2*t - 5 = -2*v + 3. Let j(l) = -l + v + 4*l - l**3 + 6*l**2 - 3*l. What is j(6)?
1
Let z(l) = -3*l - 2. Let v(w) = -w**3 - 4*w**2 - w + 4. Let q be v(-4). Let d = 4 + q. Suppose -5*x = j - d, -5*x + j = -0*j - 8. What is z(x)?
-8
Suppose 5*l - 4*q = 6*l + 21, 6 = -l - q. Let r(a) = -2*a**2 - 2*a. What is r(l)?
0
Let p(s) = -s**2 + 4*s - 4. Suppose 10*z - 266 = -28*z. What is p(z)?
-25
Let f(l) be the first derivative of -1/3*l**3 - 1 + 2*l - 3*l**2. Let t(b) = 41*b - 88. Let r be t(2). What is f(r)?
2
Let d(w) = 104 - 32 - 28 - 23 + w - w**2 - 25. Give d(4).
-16
Suppose g + 0*g = -4. Let r(q) be the third derivative of -1/8*q**4 + 4*q**2 + 0*q + 0 - 1/3*q**3. Calculate r(g).
10
Let i(l) be the first derivative of -3*l**2/2 + 7*l - 103. Give i(6).
-11
Let u be 0 + -3 + 54 + -1. Suppose 0*s - 5*s + u = 0. Let o be ((-6)/6)/(2/s). Let k(a) = a**3 + 5*a**2. Calculate k(o).
0
Let k(j) = -j**2 + 3*j + 5. Suppose -4*u = 3*l + 26, 0*l + 18 = -2*l - 3*u. Let s = 5 + l. Let w be (-5)/((s - 0)*1). Give k(w).
-5
Let x = 233 - 234. Let r(f) be the third derivative of f**5/5 + f**4/12 + f**3/6 + 4*f**2. Determine r(x).
11
Let o = 99 + -89. Let r be 52/8 + (-5)/o. Let x(t) = -t**2 + 6*t + 7. What is x(r)?
7
Let z(y) be the first derivative of -y**4/4 + 4*y**3/3 + 2*y**2 - 9*y + 626. Determine z(3).
12
Let i(j) = -j**2 - 6*j + 3. Suppose -2*k - z = 18 - 4, 3*k + 21 = 3*z. Determine i(k).
-4
Let y(b) be the third derivative of -11*b**4/12 + b**3/3 - 5*b**2 + 52*b. Give y(-3).
68
Let l(y) be the first derivative of 4*y**2 - 1/3*y**3 - 10 - 7*y. Let j be l(5). Let f(i) = i - 2. What is f(j)?
6
Let i(v) = -v**3 + 8*v**2 - 11*v - 1. Let z be i(6). Let w be -3 - (-13)/z - 68/(-20). Let g(s) = 3*s - 4 - 5*s + 3*s - 2*s. What is g(w)?
-7
Suppose 1 = -2*p + 7. Let t(c) = 7*c**2 - 9. Let z(a) = -6*a**2 - 2 - 3 + 13. Let w(b) = -5*t(b) - 6*z(b). What is w(p)?
6
Let a(u) = u + 3. Suppose 0 = -5*o + 3*i + 169, 67 = -3*o + 5*o - i. Suppose 6*d - 8 + o = 0. Let c be ((-2 + 2)/d)/4. Calculate a(c).
3
Let c be 11 + 3 + (-6 - -3). Let s(p) = 3*p + 3*p - c*p + 6 + 2*p. What is s(5)?
-9
Let m(s) = -s**3 + 6*s**2 + 11*s - 4. Let u = 167 + -160. Give m(u).
24
Let s(c) = 2*c**2 - 2*c + 1. Let h be (-140)/(-30) - 16/6. Give s(h).
5
Suppose -13*s - 3*s - 48 = 0. Let u(j) = -j**3 - 2*j**2 + 3*j - 2. Determine u(s).
-2
Let o(a) = 16*a - 128. Let l be o(8). Let m(h) = h**3 - h**2 + h + 3. Give m(l).
3
Let s(w) = -w**2 - 10*w - 10. Let m be (3/(12/14))/(6